[INFO] fetching crate realia 0.2.0...
[INFO] checking realia-0.2.0 against master#af3c6e733a40e671550e0f0f5aeecaa13772ba56 for pr-74989
[INFO] extracting crate realia 0.2.0 into /workspace/builds/worker-9/source
[INFO] validating manifest of crates.io crate realia 0.2.0 on toolchain af3c6e733a40e671550e0f0f5aeecaa13772ba56
[INFO] running `Command { std: "/workspace/cargo-home/bin/cargo" "+af3c6e733a40e671550e0f0f5aeecaa13772ba56" "read-manifest" "--manifest-path" "Cargo.toml", kill_on_drop: false }`
[INFO] started tweaking crates.io crate realia 0.2.0
[INFO] finished tweaking crates.io crate realia 0.2.0
[INFO] tweaked toml for crates.io crate realia 0.2.0 written to /workspace/builds/worker-9/source/Cargo.toml
[INFO] running `Command { std: "/workspace/cargo-home/bin/cargo" "+af3c6e733a40e671550e0f0f5aeecaa13772ba56" "generate-lockfile" "--manifest-path" "Cargo.toml" "-Zno-index-update", kill_on_drop: false }`
[INFO] running `Command { std: "/workspace/cargo-home/bin/cargo" "+af3c6e733a40e671550e0f0f5aeecaa13772ba56" "fetch" "--locked" "--manifest-path" "Cargo.toml", kill_on_drop: false }`
[INFO] running `Command { std: "docker" "create" "-v" "/var/lib/crater-agent-workspace/builds/worker-9/target:/opt/rustwide/target:rw,Z" "-v" "/var/lib/crater-agent-workspace/builds/worker-9/source:/opt/rustwide/workdir:ro,Z" "-v" "/var/lib/crater-agent-workspace/cargo-home:/opt/rustwide/cargo-home:ro,Z" "-v" "/var/lib/crater-agent-workspace/rustup-home:/opt/rustwide/rustup-home:ro,Z" "-e" "SOURCE_DIR=/opt/rustwide/workdir" "-e" "CARGO_TARGET_DIR=/opt/rustwide/target" "-e" "CARGO_HOME=/opt/rustwide/cargo-home" "-e" "RUSTUP_HOME=/opt/rustwide/rustup-home" "-w" "/opt/rustwide/workdir" "-m" "1610612736" "--user" "0:0" "--network" "none" "rustops/crates-build-env@sha256:d92eaeed33fa75130ca1ee6c8a01d1ffb62bac859dfdfb3450e3e5d1c0146529" "/opt/rustwide/cargo-home/bin/cargo" "+af3c6e733a40e671550e0f0f5aeecaa13772ba56" "metadata" "--no-deps" "--format-version=1", kill_on_drop: false }`
[INFO] [stdout] 212060d1182a8f1d8caaf13c76dd697144c8819f9cf4631a893ddfa31c5e4653
[INFO] [stderr] WARNING: Your kernel does not support swap limit capabilities or the cgroup is not mounted. Memory limited without swap.
[INFO] running `Command { std: "docker" "start" "-a" "212060d1182a8f1d8caaf13c76dd697144c8819f9cf4631a893ddfa31c5e4653", kill_on_drop: false }`
[INFO] running `Command { std: "docker" "inspect" "212060d1182a8f1d8caaf13c76dd697144c8819f9cf4631a893ddfa31c5e4653", kill_on_drop: false }`
[INFO] running `Command { std: "docker" "rm" "-f" "212060d1182a8f1d8caaf13c76dd697144c8819f9cf4631a893ddfa31c5e4653", kill_on_drop: false }`
[INFO] [stdout] 212060d1182a8f1d8caaf13c76dd697144c8819f9cf4631a893ddfa31c5e4653
[INFO] running `Command { std: "docker" "create" "-v" "/var/lib/crater-agent-workspace/builds/worker-9/target:/opt/rustwide/target:rw,Z" "-v" "/var/lib/crater-agent-workspace/builds/worker-9/source:/opt/rustwide/workdir:ro,Z" "-v" "/var/lib/crater-agent-workspace/cargo-home:/opt/rustwide/cargo-home:ro,Z" "-v" "/var/lib/crater-agent-workspace/rustup-home:/opt/rustwide/rustup-home:ro,Z" "-e" "SOURCE_DIR=/opt/rustwide/workdir" "-e" "CARGO_TARGET_DIR=/opt/rustwide/target" "-e" "CARGO_INCREMENTAL=0" "-e" "RUST_BACKTRACE=full" "-e" "RUSTFLAGS=--cap-lints=forbid" "-e" "CARGO_HOME=/opt/rustwide/cargo-home" "-e" "RUSTUP_HOME=/opt/rustwide/rustup-home" "-w" "/opt/rustwide/workdir" "-m" "1610612736" "--user" "0:0" "--network" "none" "rustops/crates-build-env@sha256:d92eaeed33fa75130ca1ee6c8a01d1ffb62bac859dfdfb3450e3e5d1c0146529" "/opt/rustwide/cargo-home/bin/cargo" "+af3c6e733a40e671550e0f0f5aeecaa13772ba56" "check" "--frozen" "--all" "--all-targets" "--message-format=json", kill_on_drop: false }`
[INFO] [stderr] WARNING: Your kernel does not support swap limit capabilities or the cgroup is not mounted. Memory limited without swap.
[INFO] [stdout] 888c8f742d220d22647810182e702b4cd7c575ca4eebf2679b7b15c13e48a89c
[INFO] running `Command { std: "docker" "start" "-a" "888c8f742d220d22647810182e702b4cd7c575ca4eebf2679b7b15c13e48a89c", kill_on_drop: false }`
[INFO] [stderr]    Compiling proc-macro2 v1.0.21
[INFO] [stderr]    Compiling syn v1.0.40
[INFO] [stderr]    Compiling unicode-xid v0.2.1
[INFO] [stderr]    Compiling serde v1.0.116
[INFO] [stderr]    Compiling libc v0.2.77
[INFO] [stderr]    Compiling target-spec v0.4.1
[INFO] [stderr]    Compiling smallvec v1.4.2
[INFO] [stderr]    Compiling semver-parser v0.7.0
[INFO] [stderr]    Compiling version-compare v0.0.10
[INFO] [stderr]    Compiling ryu v1.0.5
[INFO] [stderr]     Checking cfg-expr v0.4.1
[INFO] [stderr]     Checking anyhow v1.0.32
[INFO] [stderr]     Checking quote v1.0.7
[INFO] [stderr]     Checking semver v0.9.0
[INFO] [stderr]     Checking serde_json v1.0.57
[INFO] [stderr]    Compiling thiserror-impl v1.0.20
[INFO] [stderr]    Compiling serde_derive v1.0.116
[INFO] [stderr]     Checking thiserror v1.0.20
[INFO] [stderr]     Checking which v4.0.2
[INFO] [stderr]     Checking cargo_metadata v0.10.0
[INFO] [stderr]     Checking realia v0.2.0 (/opt/rustwide/workdir)
[INFO] [stdout] error[E0425]: cannot find function `positive` in this scope
[INFO] [stdout]  --> tests/integration.rs:7:13
[INFO] [stdout]   |
[INFO] [stdout] 7 |     assert!(positive());
[INFO] [stdout]   |             ^^^^^^^^ not found in this scope
[INFO] [stdout] 
[INFO] [stdout] 
[INFO] [stdout] error[E0425]: cannot find function `positive` in this scope
[INFO] [stdout]   --> tests/integration.rs:22:13
[INFO] [stdout]    |
[INFO] [stdout] 22 |     assert!(positive());
[INFO] [stdout]    |             ^^^^^^^^ not found in this scope
[INFO] [stdout] 
[INFO] [stdout] 
[INFO] [stdout] error[E0425]: cannot find function `positive` in this scope
[INFO] [stdout]    --> tests/integration.rs:133:13
[INFO] [stdout]     |
[INFO] [stdout] 133 |     assert!(positive());
[INFO] [stdout]     |             ^^^^^^^^ not found in this scope
[INFO] [stdout] 
[INFO] [stdout] 
[INFO] [stdout] error[E0425]: cannot find function `positive` in this scope
[INFO] [stdout]    --> tests/integration.rs:148:13
[INFO] [stdout]     |
[INFO] [stdout] 148 |     assert!(positive());
[INFO] [stdout]     |             ^^^^^^^^ not found in this scope
[INFO] [stdout] 
[INFO] [stdout] 
[INFO] [stdout] error[E0277]: `attr::Empty` doesn't implement `Debug`
[INFO] [stdout]    --> tests/integration.rs:161:21
[INFO] [stdout]     |
[INFO] [stdout] 161 |     format!("{:?}", Empty {});
[INFO] [stdout]     |                     ^^^^^^^^ `attr::Empty` cannot be formatted using `{:?}`
[INFO] [stdout]     |
[INFO] [stdout]     = help: the trait `Debug` is not implemented for `attr::Empty`
[INFO] [stdout]     = note: add `#[derive(Debug)]` or manually implement `Debug`
[INFO] [stdout]     = note: required by `std::fmt::Debug::fmt`
[INFO] [stdout]     = note: this error originates in a macro (in Nightly builds, run with -Z macro-backtrace for more info)
[INFO] [stdout] 
[INFO] [stdout] 
[INFO] [stdout] error: aborting due to 5 previous errors
[INFO] [stdout] 
[INFO] [stdout] 
[INFO] [stdout] Some errors have detailed explanations: E0277, E0425.
[INFO] [stdout] 
[INFO] [stdout] For more information about an error, try `rustc --explain E0277`.
[INFO] [stdout] 
[INFO] [stderr] error: could not compile `realia`.
[INFO] [stderr] 
[INFO] [stderr] To learn more, run the command again with --verbose.
[INFO] running `Command { std: "docker" "inspect" "888c8f742d220d22647810182e702b4cd7c575ca4eebf2679b7b15c13e48a89c", kill_on_drop: false }`
[INFO] running `Command { std: "docker" "rm" "-f" "888c8f742d220d22647810182e702b4cd7c575ca4eebf2679b7b15c13e48a89c", kill_on_drop: false }`
[INFO] [stdout] 888c8f742d220d22647810182e702b4cd7c575ca4eebf2679b7b15c13e48a89c
